16 - (-4 - 3)
5
What is the value of -6 - (1 - 2) - -1?
-4
What is 1 - 2 - -6 - 3?
2
What is 8 - (75 + -66 + 1 + -3)?
1
What is the value of (-3 + -1 - -12) + -13?
-5
Evaluate -6 - (4 - (2 - (2 - 6))).
-4
Evaluate 3 + -3 + -2 + 1 + 0.
-1
(10 - 13) + (6 - -1) + -3
1
What is the value of -14 + 2 + 7 + -1 + 10?
4
What is the value of (4 - 0) + (16 - 26)?
-6
Calculate (5 - 0 - 2) + (0 - 1).
2
-4 - -11 - (4 + -1)
4
What is 0 + 1 + 0 + (-68 - -73)?
6
Calculate (-6 - -8) + (1 - 4).
-1
What is the value of -3 + 8 + (0 - (3 - -6))?
-4
What is -4 - ((15 - 6) + -15)?
2
What is (-2 - -3 - 1) + (-10 - -3)?
-7
What is the value of 3 + -2 + (-2 - -3)?
2
Calculate -2 + 2 + -13 + 9.
-4
What is 3 - (-3 - -9) - (-2 - -3)?
-4
-3 + ((-3 - -1) + 7 - 1)
1
What is the value of 8 - -1 - 7 - -4?
6
-3 + 12 - (10 + -1)
0
What is -145 + 152 - (15 + -1)?
-7
Calculate -6 - -4 - (2 - 8).
4
What is the value of 7 - (15 - (3 + (8 - 6)))?
-3
Evaluate -7 - (-27 - -14) - (-1 - -5).
2
Evaluate -1 - 6 - ((-5 - -1) + 2).
-5
What is 9 - (-3 + 4) - 3?
5
What is the value of (-8 - -14) + -1 + -4 - 4?
-3
Calculate 10 + -12 - (-1 + -1 + 1).
-1
Calculate 2 - (4 + 0 + -6).
4
Calculate (10 - (5 + 0) - 5) + -7.
-7
(10 - 8) + (-9 - -3)
-4
What is (0 - (5 + -5)) + (-2 - -2)?
0
-1 + 7 + (-3 + -3 - 4)
-4
What is -3 - 1 - (1 - 0)?
-5
What is 0 + 0 + (-3 - (1 - 9))?
5
Evaluate 43 - 51 - (2 + -2) - -2.
-6
What is (2 - (0 + 2 + -2)) + -5?
-3
Evaluate (8 - (9 + -10)) + (2 - 4).
7
What is -7 + -4 - (-2 - -4 - 8)?
-5
What is the value of (11 - 1) + (-8 - 2)?
0
Calculate -51 - -52 - (0 + 1 + 5).
-5
Evaluate 10 + -4 + 2 - 4 - 11.
-7
Evaluate -2 - -1 - 3 - -5 - 4.
-3
3 - (-2 + 12) - -4
-3
What is (5 - 10 - 0) + 0?
-5
-4 + (6 - (1 + -2))
3
Calculate 16 + -1 - (10 - -4).
1
Evaluate 4 - (2 - (-6 + (9 - 7))).
-2
-4 - (-10 - -6) - 5
-5
Evaluate (6 - (-3 + 12)) + 1.
-2
What is the value of 1 + -5 + 2 + -2 + 1?
-3
What is the value of -9 + (-2 - -15 - 5)?
-1
Calculate (1 - 1) + -42 + 44 + 1.
3
2 + 2 - (3 - -3)
-2
4 + -7 + (3 - 2) - -1
-1
What is the value of (2 - (-1 + -1)) + -2?
2
Calculate -2 + 0 + -22 + 27 + 1.
4
-6 - (-2 - 11 - -4)
3
(3 - -4) + -4 - (0 - 0)
3
-1 + 2 - -2 - (-23 + 24)
2
What is the value of (-2 - (-1 + 2)) + 2?
-1
What is the value of (1 - 4) + (-1 - -1) + 4?
1
7 - (20 + (-3 - 3) - 0)
-7
Evaluate 3 + (-8 - (3 - 3) - 0).
-5
What is the value of -3 - ((16 - 13) + 2 + -2)?
-6
Calculate 2 - (4 + 7 + -6).
-3
Evaluate 2 + -6 - (1 + 0 + -2).
-3
Calculate (0 - 2) + (0 - -1) - -6.
5
Evaluate 2 + (-3 - 1) + 5 - 8.
-5
Calculate 2 - -1 - (-14 - -14).
3
Calculate 2 + -1 + (-1 - -7).
7
Evaluate (4 - -3 - 4) + -5.
-2
What is the value of -6 - (-11 + (3 - -1))?
1
What is -5 + (-3 - -3 - -1)?
-4
Calculate 11 + -1 + 10 + -13.
7
What is the value of 104 + -107 + -2 + (10 - -1)?
6
-5 + 6 - (-2 + 1) - 6
-4
What is the value of 6 - (1 + 0) - 0?
5
What is the value of 1 + (-3 - 5) + 5?
-2
What is the value of ((-1 - 1) + 1 - -1) + 4?
4
Calculate (0 + -1 - 2) + -2.
-5
62 + -65 + 1 + -1
-3
(13 + -15 - (0 - -3)) + 1
-4
Evaluate 9 + (5 - (7 + -2) - 3).
6
-3 + 1 - (0 - -1 - 1)
-2
Calculate 2 + -1 + -1 + 2.
2
What is the value of -1 - 2 - (-22 + 8 + 7)?
4
Calculate 18 + -18 - (0 + 0 - -4).
-4
What is -7 + (5 - 5) + 3?
-4
What is the value of (6 - 3) + 2 + -2 - 1?
2
Evaluate 18 - 23 - (0 - 0).
-5
Calculate 5 + -9 + (-2 - -4).
-2
Evaluate -2 + (-1 + -2 - (-2 - -2)).
-5
0 - (-10 - (2 - 8)) - 4
0
3 - (1 + 1 - 3 - 2)
6
2 + -5 - (-8 - -2) - 1
2
What is the value of -8 + (7 - 0) + (0 - 4)?
-5
Calculate -1 - 1 - -4 - (5 - 9).
6
Evaluate 7 + -7 + (-1 - 0).
-1
1 - -2 - (-10 - (5 - 18))
0
Evaluate -2 - -2 - (2 + -1).
-1
What is the value of 0 + (-4 - -3) - -2?
1
What is the value of -6 + -3 + (21 - 1 - 6)?
5
Calculate -7 + (7 - (-1 - -6) - -4).
-1
0 - 4 - (12 + (3 - 12))
-7
Calculate -139 - -137 - (-4 - 2).
4
Evaluate 4 + -1 - (4 + 4).
-5
153 - 156 - (0 + 0 + 1)
-4
What is 0 + 0 + (0 - 3) + 0?
-3
What is the value of 3 - (6 - 3) - (4 + -7)?
3
What is 0 + 16 + -5 + -7?
4
-8 + 2 - (-17 + 8)
3
What is (194 - 196) + (-2 - (-8 - 1))?
5
What is the value of -1 + 0 + -3 + 6 + -4?
-2
What is -1 + 6 + -13 + 6?
-2
What is -1 + (8 + -13 - -3 - 6)?
-9
Evaluate -2 - -20 - (8 - -5).
5
Calculate 0 + -8 + 3 + -1 + 2.
-4
What is (3 - 0) + (1 - 9)?
-5
Evaluate (2 - 3) + -2 + 1 + 1.
-1
What is (-1 - 2) + 3 + -3 + 1?
-2
Evaluate -2 + (-3 + 1 + 5 - 3).
-2
Calculate (2 + -11 - -6) + (-5 - -4).
-4
-9 - (-9 - (6 + 0))
6
Evaluate 3 + 1 + 3 + -2.
5
What is -2 - (12 + -13 + -7)?
6
Evaluate (19 - 19) + (-2 - (-2 - -1)).
-1
What is (-3 - (-3 + 1)) + 3?
2
Evaluate 1 + 0 - (-6 + 5).
2
-6 - -1 - (-44 - -42)
-3
Evaluate 1 + (7 - (7 + -5)).
6
1 + -4 - (-13 - -12)
-2
Calculate -2 - (0 + 2 + (-4 - -3)).
-3
What is 2 - (-4 + (3 - 0))?
3
What is 3 + -5 + (2 - (-4 - 0))?
4
Calculate 0 - (3 - 4) - (-1 + 2).
0
What is the value of 6 + 1 + (19 - (9 + 8))?
9
What is 0 - ((0 - 3 - 3) + 1)?
5
What is 3 + -1 - (5 + -6)?
3
Evaluate (5 - 2) + (6 - 3) + -7.
-1
What is the value of -5 + (-2 - (-5 + -6))?
4
5 + (6 - 4) + -2
5
(10 - 4) + -5 - (0 + -3)
4
What is (7 - (3 + 1 - -2)) + 0?
1
-62 - -56 - (-2 + -11)
7
Evaluate (-6 - -5) + (3 - 0).
2
What is -6 - ((7 + -7 - -7) + -11)?
-2
(-6 - 7 - -9) + (3 - 0)
-1
1 + (-3 - (5 + -1)) + 8
2
6 + 8 + -13 + 5
6
What is 4 + -3 + (4 - 5) + -4?
-4
What is 2 + (10 - 10) - 4?
-2
(3 + -4 - 2) + 3 + -1
-1
What is (-1 + 0 - -5) + (45 - 49)?
0
Calculate 4 - (-3 + (-4 - -14)).
-3
-1 + (2 - (-2 - -3) - -1)
1
What is the value of 5 - (0 - (-2 - -3))?
6
What is 3 + (11 + -1 - 7 - 3)?
3
(-1 - -9) + -6 + -6
-4
Evaluate -1 + -2 + 3 - -1 - -4.
5
What is (27 - 27) + (-2 - -3)?
1
Evaluate -2 - (13 + -7 - 5).
-3
Evaluate -2 + 12 + (-7 - 0).
3
What is -2 + (-4 + 1 - -6)?
1
Evaluate -22 + 19 - (1 - -1).
-5
Calculate -7 + 1 + -7 + 9.
-4
Evaluate (-9 - -7) + 2 + -1 + 1.
0
What is (-3 - (-2 + -4)) + 0?
3
What is the value of 4 - (-5 + 11) - -1?
-1
Calculate -2 - ((-3 - (2 - 3)) + 0).
0
Calculate -25 + (-11 - -26) + 0.
-10
Calculate 3 + 4 - (2 - -1).
4
What is 1 + (-5 - 2 - (3 - 15))?
6
What is the value of 6 + (-8 + -4 - -5)?
-1
What is the value of -14 - (7 + -18 + -3)?
0
Evaluate (3 + -3 - 2) + 2 + 2.
2
Evaluate -7 - -7 - (2 - -5 - 6).
-1
What is 0 + 5 - 4 - (5 + 3)?
-7
Evaluate (8 - 4) + (1 - 6) + -1.
-2
What is the value of (1 - -4 - 0) + -1?
4
Calculate (1 - -5) + 11 - 10.
7
Evaluate (-3 - 0 - 1) + 4 + 1.
1
-9 + 7 - 2 - (3 - 2)
-5
Calculate -7 + 0 + (-8 - -16).
1
What is the value of (2 - -1) + 5 + 0 + -9?
-1
What is the value of -3 - ((-7 + 2 - -4) + -4)?
2
Calculate -2 + -6 + 13 + -14.
-9
Evaluate 11 + -9 + (0 - -3).
5
What is 4 - 8 - (0 + -2)?
-2
Evaluate 2 + (-8 + 18 - 20).
-8
What is the value of (-3 - -1) + (-11 - (8 - 17))?
-4
Evaluate 9 - (-4 - 4 - -10).
7
Calculate (1 - 12) + (114 - 95).
8
What is the value of -2 + -5 - (-31 + 31)?
-7
Evaluate (0 - -1) + 6 + (-6 - 1).
0
1 - (8 - (-2 - -6 - 4))
-7
-3 + 3 + 1 + -7
-6
-3 + -5 - (-3 + 4 - 8)
-1
Evaluate -11 - (8 - (4 - -16)).
1
What is the value of -3 - (-6 + (2 - (9 + -5)))?
5
-9 + 0 + (-16 - -19)
-6
-2 + -7 + 6 - 1
-4
Evaluate 5 + 8 + -13 - -7.
7
What is the value of -2 + (6 - 16 - -7) - -13?
8
What is the value of 38 + -36 + -2 + -5 - -5?
0
Calculate 2 + 1 + 1 - 2 - 4.
-2
Calculate 5 + (19 - 11 - 20).
-7
What is -2 + 11 + 0 + -14?
-5
(5 - 10) + 11 + -8
-2
-2 + (-12 - -6) - -4
-4
Evaluate (0 - -4) + (-40 - -38).
2
What is -4 - (2 - (-2 - -1))?
-7
What is the value of ((-1 - 7) + 6 - -13) + -1?
10
Evaluate 7 - 7 - (2 + -1 + 5).
-6
What is 4 + (5 - (15 + -5))?
-1
What is (-2 - -4) + -3 + (2 - 1)?
0
-4 - (-4 + -5 + 0)
5
What is (-4 - (2 - 0)) + (7 - 6)?
-5
Evaluate -3 + 5 - 2 - 0.
0
Calculate -9 - ((3 - 2) + -9 + 9).
-10
Evaluate (-1 - 2) + -4 + 1 + 2.
-4
What is the value of (3 + 1 - 6 - -1) + -2?
-3
Calculate 9 + -1 + 4 + -6 + -1.
5
Evaluate -6 + (-6 + (8 - -1) - -1).
-2
What is -2 + -4 + -5 + 9?
-2
Evaluate 1 + (-1 - -3) + 3 + -2.
4
Evaluate -2 + 5 + -1 + -1 + -3.
-2
What is -3 + (9 - (-6 - -15))?
-3
What is the value of -1 - 5 - (11 - 14)?
-3
Evaluate -8 - (-1 - -6 - 12).
-1
5 + (2 - (-3 + 2) - 7)
1
What is (4 - 1) + -2 + (-11 - -4)?
-6
What is (-2 - 2) + 2 + 3?
1
What is (0 + (-1 - 2) - -4) + -3?
-2
Calculate -7 + 0 - (-5 - (1 - 2)).
-3
(-3 - -1) + (15 - 23)
-10
What is -4 - (0 + -3 - -1 - 2)?
0
Eva